 + -7 - -5 - 4
-2
What is -6 - (2 - (2 + -5 - -3))?
-8
What is the value of 6 + (-4 + -1 - -10) - 4?
7
What is -6 - (6 + -4 + -6)?
-2
-5 + 8 + 3 - (0 - -2)
4
What is the value of (4 - (1 + 2)) + 23 + -23?
1
Calculate 5 - (0 + (1 - 2) + 1).
5
Calculate 0 - ((8 - 3) + -1 - 3).
-1
What is 2 - (3 - 5) - 4?
0
Evaluate 2 - 0 - (-4 - (-2 - 0)).
4
What is the value of -12 + (5 - ((0 - 4) + 2))?
-5
Evaluate -1 + (-3 + 6 - 4).
-2
What is the value of (11 - (16 + -9)) + (-4 - -9)?
9
What is the value of 3 - (-1 + (-4 - -4))?
4
Evaluate -7 - 0 - (1 + (5 - 18)).
5
What is the value of 17 + -1 + (312 - 320)?
8
(0 - 0) + (16 - 16)
0
(2 - 5) + 6 + -6
-3
Evaluate -4 + (0 - 1 - (0 + -5)).
0
Calculate (3 - 8 - 1) + -21 + 30.
3
Calculate -80 + 83 + (-1 - -3) + -1.
4
What is the value of -5 - (-2 - -3 - (-28 - -29))?
-5
What is -2 + (1 - -1 - -1)?
1
6 - -1 - (0 - 8 - -13)
2
-9 + 9 + -8 - -10
2
(-1 - ((1 - -11) + -4)) + 4
-5
What is (1 - (2 + -10)) + -9?
0
(3 - 10) + 2 + 8
3
Calculate -7 - ((-7 - (-14 + 7)) + 1).
-8
Evaluate 12 + (-5 - (8 - 7)).
6
What is -13 + 20 + (-1 - 1)?
5
Calculate -4 + (9 - 4) + 4.
5
Evaluate (-1 - -10) + -4 + -2.
3
-6 + -1 + (-2 - -14)
5
(4 - (1 - 0)) + -2 + 2
3
0 + (1 - -6) - 6
1
Calculate -8 + 4 + 4 + 7.
7
Evaluate (-1 + 4 - -1) + -3.
1
What is the value of 2 + 2 + -3 + 3?
4
What is (-16 - -21) + 0 + -6?
-1
Calculate -1 + (5 + -7 - 3) - -2.
-4
Calculate (-5 - -1) + 1 + 8 - -1.
6
Evaluate (2 + 3 - 9) + 8.
4
What is the value of -127 + 129 + (-1 - (-1 - -1))?
1
What is the value of (-1 - 2) + (-12 - -8 - -11)?
4
Evaluate -7 + 2 + 2 + 2 + 2.
1
What is (3 - 2) + (-8 - -8)?
1
What is 1 + -7 + 11 + (0 - 10)?
-5
What is 4 - (6 + 2 + -6)?
2
Calculate (11 + -13 - -1) + 8.
7
-4 + 2 - (-8 - -5)
1
Evaluate 1 + 4 - (-194 + 205).
-6
Evaluate 7 + 0 + 10 + -23.
-6
Evaluate (-3 - (0 - 2)) + 4.
3
Calculate 7 + -4 - (4 + 1) - -2.
0
What is -10 + 12 + -1 + 1?
2
What is the value of (1 - (8 - 6)) + (-1 - -7)?
5
What is 2 + 0 - (3 + -2 + 0)?
1
Calculate (-4 - -5) + -5 - -5.
1
What is the value of -2 + -4 + 8 + (-1 - 2)?
-1
Calculate 1 - (4 - (2 - 4)).
-5
-7 - (-1 + 1 - -1 - 4)
-4
Calculate 2 + (7 - 13) + 5.
1
What is 12 - (8 + 5 + 0)?
-1
Evaluate 14 + (5 - -3) + -17.
5
Evaluate -3 - (-3 - 0) - 1.
-1
-7 + 7 + 0 - (-6 - -2)
4
What is -6 - 1 - (14 + -35 - -11)?
3
8 - (5 - (2 + 3 + -5))
3
Evaluate (-3 + 0 - -3) + 5 - 0.
5
-1 - 0 - (-84 - -79)
4
-2 - 5 - (-8 + 3)
-2
Calculate -2 - (-2 + 4 + -9).
5
What is -7 - (3 - 6 - -7 - 9)?
-2
Evaluate -1 - -6 - (6 - 3).
2
Calculate (-20 - -6) + 5 - -9.
0
(-17 - (-4 + -13)) + (5 - -1)
6
Evaluate -5 - (-4 + -3 + 2).
0
6 + 6 + -1 + 1 + -10
2
15 + (-24 - -4) + -1
-6
Calculate 3 + 0 + -3 - (-16 - -13).
3
Evaluate -12 - (-9 + (4 - 11)).
4
What is the value of -19 + 17 + 2 + 0?
0
Calculate 5 + -8 + (-2 - -2).
-3
33 + -32 - (-4 - -1)
4
What is (5 - 3) + (-1 - 5)?
-4
-6 - ((-4 - 1) + 4)
-5
Evaluate 0 + (-2 - -4) - (8 + -5).
-1
37 + -39 - (0 + 5) - -5
-2
Evaluate 1 + (-4 - -2) - (-8 + 4).
3
Evaluate 5 + -8 + -1 + -1.
-5
Evaluate -2 - ((-3 - -9) + -4).
-4
What is the value of (-9 - -4) + 3 + -3?
-5
(21 - 17) + (1 - -1 - 6)
0
What is 1 + -7 + 2 - (-6 + -3)?
5
Evaluate (-7 - (-2 + -5)) + (-3 - 0).
-3
2 - (-8 - -1 - -3) - 1
5
What is -1 + (6 + -3 - 1)?
1
What is the value of 9 - 16 - (-3 + 0)?
-4
-2 + 10 + 2 + -6
4
What is 10 - (4 - 1) - 2?
5
1 + -6 + -1 - (0 - 2)
-4
-7 - (-6 + (4 + 3 - 4))
-4
What is the value of (-6 - (-2 + 7)) + 6?
-5
(1 - -5) + -173 + 177
10
Evaluate 4 - (0 - 2) - 0 - 2.
4
What is -4 + (-1 - (4 + -9))?
0
What is the value of 14 - (1 + (-1 - -9))?
5
Evaluate (3 - (1 + -1 + 3)) + 0.
0
Calculate -2 - (-6 - (-2 - 2)).
0
Calculate 1 + 1 - (14 - 17).
5
Evaluate -1 - (0 - 2 - 3).
4
What is 2 - (9 + -4) - (-9 - -1)?
5
-5 + 0 + (10 + -3 - 0)
2
What is 1 - (-5 - -1 - -2 - -6)?
-3
What is the value of 2 + 12 + (-10 - -13) + -10?
7
Calculate (-5 - -10 - 2) + -2 + -6.
-5
What is -1 + 3 + -5 + 2?
-1
What is the value of 10 + (6 - 6) + -8?
2
Evaluate 8 + -2 + -6 - (5 - 1).
-4
What is 0 + (2 - -2) + -4 + -4?
-4
Calculate -2 - (0 - -7 - (-1 + 15)).
5
Calculate 401 - 408 - (1 - 1 - 1).
-6
What is 3 - (4 - (-2 + 7))?
4
Calculate (4 - -6) + -5 + 0.
5
Calculate -2 + 1 + (-4 - (1 + -3)).
-3
What is 0 - (0 - (0 - -1) - -2)?
-1
Calculate -2 + 0 - -1 - 0.
-1
-4 + 1 + 4 + 2
3
What is the value of -5 + (-4 - 3) + 14 + -4?
-2
What is 7 + (-4 - 3) + -2?
-2
5 - 0 - (-8 - (-15 + 8))
6
11 - 4 - (6 + 5)
-4
Evaluate 3 - 7 - (1 + 0 - -1).
-6
Calculate (3 - 6) + 2 + 3 - 4.
-2
7 + (-7 - 10) + 11
1
What is the value of 8 - ((1 - -7) + -11 + 7)?
4
What is the value of (-14 - (-3 + -2 + 0)) + 2?
-7
Evaluate 1 + -1 + -3 + 4 + -1.
0
What is -9 + -3 + 18 + 8 + -21?
-7
4 - ((-7 - -5) + 5 - 0)
1
Evaluate -8 - (-3 + 7 + -5 + 0).
-7
What is -1 + 9 + -8 + -1?
-1
Calculate -10 + (14 - 7) - -8.
5
Calculate 8 + (7 - (4 + 4)).
7
-3 + (2 + 0 - (0 - 1))
0
Calculate -5 - (0 - 8) - 2.
1
Calculate (-14 - -9) + 8 - (0 - -6).
-3
Calculate -7 - 0 - (-24 + 8 - -9).
0
Calculate -9 + 10 + 1 + 3 + 2.
7
Calculate 12 + -27 + 10 + (7 - 0).
2
What is -3 + 4 + (2 - -2)?
5
What is 2 + -5 + -6 + 15?
6
What is the value of -7 + 3 + 8 - (-1 - -5)?
0
What is the value of -4 + 2 - (1 - 5)?
2
-4 + 10 - (2 + -2) - 11
-5
Calculate -5 + 7 + (-5 - 2).
-5
What is (-1 - -1) + -6 + 9 - 4?
-1
(-2 - (-6 - 3)) + -9
-2
-5 + 50 + -31 + (-5 - 1)
8
Evaluate 5 + (-4 - (5 + -6)) - 5.
-3
Evaluate -4 + 6 + -1 + 0.
1
Calculate -3 + 1 - (-3 - -2).
-1
Calculate 8 - (-2 + -3 - -22).
-9
1 + 4 + -1 + -3
1
What is the value of -4 + -1 + (3 - (3 - 1))?
-4
What is 10 - (12 + -1 - -3)?
-4
-3 + 5 - (-3 + -1 + 3)
3
What is (1 - -2) + 0 + -2 + 2?
3
-2 + 7 + (6 - (2 - -3))
6
3 + 1 - ((4 - -7) + -5)
-2
Evaluate -10 - -2 - (-8 - (7 + -9)).
-2
What is the value of (-1 - 3) + 3 - -2?
1
4 + 1 + -1 + (32 - 41)
-5
What is the value of -65 + 49 - (-2 + 1 - 7)?
-8
3 - (-2 - -3 - 0)
2
What is the value of (-7 - -13) + -3 + -3 + 1?
1
What is 4 - -3 - (4 - 4)?
7
1 - -5 - (7 + -2 + -4)
5
-2 - (-7 + (2 - 3) + 4)
2
Calculate -5 + 2 + 8 + 0.
5
What is the value of 1 + -1 + 2 + (1 - 3)?
0
What is the value of (-2 - 1 - -2) + -4 + 3?
-2
(3 - (7 + -10)) + -4
2
Calculate -2 + 1 - (-9 + 12) - -9.
5
Calculate (-4 + 0 - (10 + -7)) + 2.
-5
Evaluate -8 - (1 - (2 - -5)).
-2
What is the value of -2 + 8 - 1 - 3?
2
Evaluate 1 - -6 - (-17 + 6 + 18).
0
What is 19 + -20 - (3 + 1)?
-5
What is 0 + 5 - (10 + 5 + -9)?
-1
Calculate 68 + -57 + (-2 - (6 + 0)).
3
What is (-11 - (-4 - 1)) + 12?
6
What is 16 + 0 - (26 - 17)?
7
Evaluate (1 - (2 + -6)) + 0.
5
What is the value of -7 + (6 - -7) + -6?
0
Calculate -2 - 7 - (7 - 11) - -2.
-3
10 + -2 - (3 - 0)
5
Evaluate -7 + 7 - (2 - 1) - 2.
-3
What is the value of 1 - 2 - (1 + -5)?
3
What is the value of 2 + -1 - (-18 + (3 - -7))?
9
Calculate -1 - -6 - (9 + -2).
-2
What is the value of (9 - 0) + -5 + 3 + 2?
9
What is the value of 6 + 7 + -14 - (-4 - -1)?
2
What is the value of (3 - -3 - 11) + 0?
-5
What is -3 - (0 - (3 - -3)) - -1?
4
What is (-9 - 4) + 13 + -7?
-7
(9 - 4) + 2 + -2
5
Calculate -4 + 4 + -2 - -3.
1
Calculate (1 - -3) + 5 + -8.
1
What is 2 - 0 - -4 - 5?
1
Evaluate 0 - 3 - (-169 + 169).
-3
Calculate -2 - (-5 - (-3 + -4)).
-4
Calculate 4 - (0 + (-3 - -3)).
4
-26 + 28 - (9 - (3 + -1))
-5
What is 2 + 0 + -8 + 2?
-4
Evaluate (3 - 7) + 2 + 0.
-2
What is the value of 12 - (1 + (3 - -4))?
4
Calculate -3 - -1 - (29 + -36).
5
Evaluate (-8 - 0) + (-3 - -16 - 8).
-3
Calculate -12 - (2 + (-1 - 12)).
-1
What is the value of 7 + -3 + (5 - -1) + -8?
2
Evaluate -5 - (0 + 1 + -3).
-3
What is the value of 8 - 5 - (-3 + 8)?
-2
Calculate 0 - (-9 + 2 + 5).
2
(3 - 2) + -6 + 2
-3
Calculate -2 - (-6 - (5 + -12)).
-3
What is 0 + (-1 - 1) + 1 - -2?
1
Calculate -2 + 0 + -4 + (6 - 4).
-4
Calculate 0 + 0 - (-1 + -1) - 8.
-6
Calculate 1 - -1 - (1 - (5 - 3)).
3
Calculate -7 + 7 + -7 + 12.
5
Evaluate -5 + 2 + (4 - 3).
-2
What is 6 + -1 + (39 - 48)?
-4
What is (8 - (4 + -6) - 3) + -1?
6
Evaluate -1 - (-6 + -1 + 6).
0
What is the value of -14 - (3 + -5) - -19?
7
What is 0 - (-6 - -2 - (4 + -8))?
0
Calculate -4 + -1 + (6 - (7 - 13)).
7
Evaluate -1 - 2 - (9 + -8).
-4
Evaluate (3 - (1 - (-1 + 1))) + -3.
-1
2 - (-4 - (-4 - 2))
0
Calculate (-4 + 6 - -6) + (-2 - 1).
5
What is 7 + 7 + (-10 - 1)?
3
What is (0 - (5 + -14)) + -2?
7
Calculate -3 - (